 - x + 3*x**2 - 4*x**2 + 2. Determine h(b).
2
Suppose -3 = -c - l - 4, 4*l - 21 = c. Let t be (6*3/(-45))/((-1)/c). Let x(y) = y**3 + 2*y**2 + y - 1. Give x(t).
-3
Let c(z) = -z**3 + 2 + 5*z**2 + 4 + 3*z**2 - 7*z. Suppose -2*h + 2*l = 0, 21 + 19 = 4*h + 4*l. Suppose 73 = -h*d + 108. Give c(d).
6
Suppose -h + 3*g = 4*h - 4, 2*h = 2*g. Let k(d) = -d**2 + 5*d - 2 + 5*d - h*d - d. Calculate k(5).
8
Let x(i) = -4*i - 2. Let o be -36 + 42 - (0 + 12). Calculate x(o).
22
Let b(m) = 14*m + 5. Let v(r) = -5*r - 2. Let i(f) = -3*b(f) - 8*v(f). Let k be (-2 - 0)*-3*(-5)/(-30). Determine i(k).
-1
Let n(k) = -3*k + 5. Suppose 0 = -2*x + 4*d + 1 + 1, -x + 7 = d. Calculate n(x).
-10
Let i(c) = -c**2 - 7*c + 2. Let n be (-221)/34 + (-12)/8. What is i(n)?
-6
Let b(p) = -2*p**3 - 33*p**2 + 13*p - 9. Let n(t) = -t**3 - 15*t**2 + 6*t - 4. Let x(u) = 4*b(u) - 9*n(u). What is x(-4)?
-8
Let p(k) = -17*k**2 + 1 - 4*k + 16*k**2 + 4. Determine p(-6).
-7
Let q(p) = 4*p + 3. Let f = 53 - 117. Let x = f + 62. What is q(x)?
-5
Let m(p) be the second derivative of -p**5/20 + 13*p**4/12 + p**3/6 - 7*p**2/2 - 232*p. What is m(13)?
6
Let l(z) = -1 - 2 - 46*z + 4*z**2 + 23*z - z**3 + 21*z. Determine l(3).
0
Suppose 178 = -4*c + 182. Let z(o) = 4*o**3 + o**2 - 6*o + 5. Determine z(c).
4
Let v(p) be the third derivative of p**7/2520 - p**5/30 - 3*p**4/4 - 14*p**2. Let n(q) be the second derivative of v(q). Determine n(3).
5
Let c(n) = n**3 + 29 + 3*n - 7 - 21 + 6*n**2 + 2*n. Give c(-5).
1
Let q(i) be the second derivative of -5*i**2 - 12*i - 1/6*i**3 + 0. Calculate q(-7).
-3
Let x be 25/10 - (-171)/(-38). Let z(a) = 3*a**3 + 0*a**2 - 4*a**3 + 2*a**2 + a. Determine z(x).
14
Let b(k) = k**3 - 7*k**2 + 8*k - 3. Let d be (-1)/(-5) + (63/35 - -3). Calculate b(d).
-13
Suppose 2 - 22 = -2*b - 2*y, 4*y - 20 = 0. Suppose 4*l + 5 = b*a, 4*a - l = 5*a - 10. Let u(s) = -a*s + 2 - 1 - 3. What is u(2)?
-12
Let o(j) = 2*j**3 + j**2 - 2*j - 2. Let c be (-110)/385 + 5/(-7). Determine o(c).
-1
Let n(l) be the first derivative of -1/3*l**3 - 17 + 4*l**2 - 2*l. Give n(7).
5
Let d(g) = 3*g - 3. Let t(h) = h**2 - 7. Let b be t(3). Suppose p - 13 = 4*n, n + 4 - b = 0. Give d(p).
12
Let g = -176 - -174. Let h(c) = c - 4. Determine h(g).
-6
Let w(h) = -h**2 + h - 1. Let o(r) = -8*r**2 + 3*r - 4. Let c(l) = -o(l) + 5*w(l). Let y = -204 + 202. Determine c(y).
7
Suppose 2*c + 19 = -4*n + c, 19 = -n - 5*c. Let v(s) be the first derivative of 1 - 1/4*s**4 - 4/3*s**3 - 4*s - 3/2*s**2. What is v(n)?
8
Let w(x) = x - 1. Let r = -113 + 159. Let g = r - 39. Calculate w(g).
6
Let q(i) = i**2 - 3*i - 5. Suppose -5*j = 4*t - 12, -2*j = t - 9 + 3. Let b be 4 - (-3)/(-6)*t. Give q(b).
5
Let c(j) = -4*j + 2. Suppose 48*u - 56*u = -72. Determine c(u).
-34
Let d = 25 - 24. Let i be (-1 + d/2)/(28/(-336)). Let u(v) be the third derivative of v**5/60 - v**4/6 - 5*v**3/6 - v**2. Calculate u(i).
7
Let h(d) = d**3 + d**2 - d - 1. Let g be h(-1). Let i(y) be the second derivative of y**3/6 + 15*y**2/2 + 1647*y. Give i(g).
15
Let i(l) = 2*l**3 - 688*l**2 + l**3 - 3*l + 675*l**2 + 12 - 4*l**3 - 8*l. Calculate i(-12).
0
Let i(q) = 2*q**2 + 1 + 12*q**3 - 2*q**3 + 7*q + 4*q**2 - 9*q**3. Suppose -36 = -4*o - 4. Suppose o = 3*c + 23. Determine i(c).
-9
Let k(l) = l**3 - 13*l**2 - 13*l - 1. Suppose 21*g - 361 + 67 = 0. What is k(g)?
13
Let f(u) = -4*u**3 - u**2 + u - 1. Let s(a) = a**2 - a - 1. Let l(w) = 11*w + 11. Let g(r) = l(r) + s(r). Let o be g(-9). Determine f(o).
-5
Let b(j) = -j + 2. Let f be b(-2). Suppose -f*k = -2*k + 4. Let r(y) = 9*y**2 + 1 + y**2 + 5*y**2 - 12*y**2 + 3*y. Calculate r(k).
7
Let x(a) be the third derivative of a**6/120 - a**5/10 - a**4/12 - 5*a**3/6 + 2*a**2 + 37. Calculate x(6).
-17
Let g(t) be the second derivative of -t**3/2 + t**2/2 + 217*t. Give g(-2).
7
Let j = 1189 + -1185. Let g(d) be the second derivative of -1/12*d**j + 0 + 4*d**2 + 2*d - 7/6*d**3. Calculate g(-7).
8
Let o(z) be the first derivative of -15*z**2 + z - 198. Calculate o(-2).
61
Let c(t) = -t**2 + 10*t - 8. Let l(q) = q**2 - 9*q + 7. Let g(p) = 4*c(p) + 5*l(p). Determine g(5).
3
Let o(z) = 3*z**2 - 2*z - 3. Let r be -2*18/3 - -2. Let x be (0/(-2))/(7 + r). Suppose k - 4 = 2*h, -5*h + 5*k + 4 - 14 = x. Give o(h).
13
Let n(t) = 3*t + 7. Let z = 776 - 778. Give n(z).
1
Let h be 369/(-246) + 3*(1 - 0). Let f(m) be the second derivative of m**3 - 1/12*m**4 - 4*m - h*m**2 + 0. Determine f(4).
5
Let l(u) = u**2 - 6*u + 20*u**3 + 7*u - 13*u**3 - 1. Calculate l(1).
8
Let q(s) = -96*s + 189*s - 94*s - 2. Let p(l) be the third derivative of l**5/60 - l**4/4 + 5*l**3/6 + 2*l**2. Let z be p(6). Determine q(z).
-7
Let x(z) = 4*z**3 + z**2 - z. Let n = 377 + -379. Give x(n).
-26
Let r(o) be the third derivative of -o**7/5040 - o**6/720 + o**5/10 - o**2. Let n(q) be the third derivative of r(q). Let l = 9 - 13. Calculate n(l).
3
Let n(b) be the first derivative of -b**5/40 - 5*b**4/24 + 13*b**3/3 + 8. Let t(x) be the third derivative of n(x). What is t(-7)?
16
Let z be (-11)/(-3) + (-12)/18. Suppose -z = -2*d + 5. Let f(k) = -k. Give f(d).
-4
Let f(a) = -a**3 - 6*a**2 - 3*a - 4. Let q be 4 - (4 - (4 - 9)). Give f(q).
-14
Let l(q) be the first derivative of 1/2*q**2 - 1/4*q**4 + 2/3*q**3 + 2*q - 10. Give l(2).
4
Let p be (4 + (-35)/10)*10. Let c(k) = -4*k - 34 + 0*k**3 - p*k**2 + 0*k - k**3 + 38. Calculate c(-4).
4
Let g = 6 - 6. Let v(w) = 0 - 3*w + 7*w + g. Let o be (4 - 10/5) + -3. What is v(o)?
-4
Let w be (-78)/(-10) - 1/(-5). Let q be (-36)/w*6/(-9). Let z be 0 - 3 - (-3 + q). Let l(t) = t. What is l(z)?
-3
Let u(g) = g**3 - 9*g**2 + 11*g - 8. Suppose -17*o + 112 = -24. Determine u(o).
16
Let q(p) = p**2 + 85 - 32 - p**3 - 35 - 26 + 0*p**3. Let a be ((0/(-3))/2)/(-1). Determine q(a).
-8
Let p(d) = d**2 + d - 13. Let b(g) = 2*g**2 + 12*g. Let j be b(-6). What is p(j)?
-13
Let z(r) = -3*r**3 + 15*r**2 - 2*r + 3. Let h(u) = -u**3 + u**2 - u + 2. Let b(k) = -2*h(k) + z(k). What is b(13)?
-1
Let u = 27 + -27. Let a(v) = -5 + u*v - v + v + 2*v. Calculate a(6).
7
Let j(f) = -2 - 3*f**3 - 6*f**2 - 3*f**2 - 9*f + 2*f**3. Suppose -11*d + 102 = -61*d - 298. Determine j(d).
6
Let c(z) = -4 - 15*z + 7*z + 6*z + 3*z + 2. What is c(0)?
-2
Let b(t) = -11*t**2 + t - 8. Let w(k) = -3*k**2 - 2. Let h(i) = 2*b(i) - 7*w(i). Calculate h(6).
-26
Let c(v) be the second derivative of v**5/20 - v**3/6 - v**2 - 126*v + 2. Determine c(-2).
-8
Let b(o) = -35*o - 28. Let a(c) = -15*c - 14. Let v(j) = 5*a(j) - 2*b(j). Determine v(-6).
16
Let q(c) = -c**3 + 8*c**2 - 7*c - 1. Let v be q(7). Let s(n) = 1 - 5*n - n - n. Let w(g) = -g + 1. Let z(b) = s(b) - 2*w(b). Give z(v).
4
Let b be (-79)/(-9) + (-18)/(-81). Let n = 22 + -9. Let k(t) = -3 + n*t + 0*t - b*t. Give k(-3).
-15
Suppose 0 = a - 3*u - 3, 4*u + 5 = -u. Let c be a + 9 + -7 + 4. Let h(x) = x - 2. Calculate h(c).
4
Let h be (-2)/8 - (-1 - 495/12). Suppose 0 = 3*x + 42 - h. Let w(r) = r**2 - r - 4. Give w(x).
-4
Let q(j) = -j**2 + 4 - 3*j**3 - 3*j + 0 + 2*j + 2*j**3. Let z be (-17)/34 + (-7)/(-2). Let f be 0/((4 - z)*1). What is q(f)?
4
Let z(p) = -2*p**3 + 38*p**2 - 41*p + 8. Let i(r) = -r**3 + 20*r**2 - 21*r + 4. Let f(b) = -5*i(b) + 2*z(b). Give f(23).
-4
Suppose -8 = -64*y + 68*y. Let n(l) = -5*l**3 + 3*l + 1. What is n(y)?
35
Suppose -2*z + 161 = 21*z. Let v(f) be the second derivative of 2*f**3/3 + 2*f**2 + 4*f. Determine v(z).
32
Let u = 86 - 54. Let p be -8*-2*(-12)/u. Let d(b) be the first derivative of b**2/2 + 5*b - 4. Calculate d(p).
-1
Suppose -5*p + p = -64. Suppose 2*l + 0*w - 2*w - 12 = 0, p = 5*l + 2*w. Let b(k) = k - 2. Calculate b(l).
2
Let g(w) be the third derivative of w**6/60 - w**5/60 + w**3/6 - 16*w**2. Let n be -3*2/(-12)*-2. Give g(n).
-2
Let v = -4 + 3. Suppose -9*r + 6*r + t = -256, t = -r + 80. Let w(a) = -1 - 163*a + 77*a + 6*a**2 + r*a. Determine w(v).
7
Let k(u) = 10*u**2 - 4*u + 2*u**2 - 8*u**2 + 9 - u**3. Determine k(4).
-7
Let p = 21 + -21. Suppose -3*m - 4*m - 14 = p. Let k(j) = -5*j - 1. Determine k(m).
9
Let m(b) = b**3 - 7*b**2 + 8*b + 5. Let z(l) = -2*l - 27. Let f be z(-16). Determine m(f).
-5
Let m(d) = d**2 + 7*d - 4. Let a(f) = -2*f**2 - 20*f + 12. Suppose 3*s + 21 = g, -3*g - 28 = 2*s + g. Let y(h) = s*m(h) - 3*a(h). Calculate y(3).
-10
Let z = -10 - -13. Let d(v) = -2 - 